 x(v) be the third derivative of n(v). Let f = 6 - 11. Give x(f).
-1
Let o(d) be the third derivative of -d**5/60 - 7*d**4/24 - d**3/6 - 180*d**2. Let w = -318 - -314. Give o(w).
11
Let q(j) be the first derivative of 3*j + 66 - 1/3*j**3 - j**2. Suppose 2*m - 6*m = -8. Give q(m).
-5
Let v(o) be the third derivative of o**4/24 + o**3/2 + 4*o**2. Let b be ((-268 - -254) + (-70)/(-4))*(-36)/14. Give v(b).
-6
Let t(m) = 6*m**2 - 17 + 0*m + 22*m**3 + 21*m**3 - m - 46*m**3 + 4*m**3. Give t(-4).
19
Suppose 168*k + 104 = 155*k. Let d(m) = 2*m**2 + 20*m + 7. What is d(k)?
-25
Let b(m) = -m**3 + 17*m**2 - 16*m - 2. Let r(o) be the first derivative of 2*o**3/3 + 3*o**2 - 4*o - 2. Let d be r(-5). Determine b(d).
-2
Let j(q) be the third derivative of -q**5/60 + q**4 - 49*q**3/6 - 375*q**2 - 2. Determine j(20).
31
Let u = 38 + -15. Let m be u/(-4) + 16/(-64). Let a be ((-46)/(-12) + -4)*m/1. Let l(h) = 15*h**3 - h**2 - h + 1. Give l(a).
14
Let x(r) = -r**3 + 2*r**2 - r - 9. Let l = 2218 + -2218. What is x(l)?
-9
Let t(j) = -21*j - 141. Let h(i) = 4*i**2 + 42*i - 404. Let b be h(6). Determine t(b).
27
Let a(p) = -14*p - 27. Suppose 0 = -31*f - 21 - 72. Give a(f).
15
Let p(x) = -109 - 1 + 4*x - 43*x - x**2 - 46 + 11*x. Calculate p(-20).
4
Let y(z) = 3*z**3 + 2*z**2 + z + 1. Suppose 8*c - 4*p + 10 = 13*c, -4*p + 28 = -4*c. What is y(c)?
-17
Let p(u) = u**2 - 9*u - 6. Let m(n) = -2*n + 42. Let k be m(19). Let q(v) = -2*v**2 + 18*v + 13. Let o(j) = k*q(j) + 9*p(j). What is o(7)?
-16
Suppose -10*w - 64 - 62 + 156 = 0. Let b(h) be the third derivative of 0 - 1/60*h**5 - 7*h**2 - 7/6*h**w + 0*h - 7/24*h**4. Give b(-7).
-7
Let w = -1462 - -1463. Let y(s) = 15*s + 11. Let b(d) = -14*d - 15. Let r(q) = -3*b(q) - 4*y(q). Give r(w).
-17
Suppose 5*v - 40 = -5*c, -4*c = -5*v - c + 32. Let i(m) = m - v + 1 - 1. Suppose -51 + 11 = -8*f. Give i(f).
-2
Let a = -48 + 71. Let o = a - 20. Let g(u) = 2*u + u**2 - u**o + 5*u + u + 4*u**2 - 2. Determine g(6).
10
Let d(q) = -q**2 - 6*q - 9. Suppose -2*r = 2*m + 46 + 164, 2*m = -4*r - 414. Let p = r + 96. Calculate d(p).
-9
Let r(x) = -23*x**2 - 24*x**2 - 2*x + 58*x**3 + 39*x**2 - 56*x**3 + 3. Give r(3).
-21
Suppose 2*y + 5*x + 32 - 75 = 0, -3*y + 82 = 4*x. Let n(k) = k - 22*k**2 - 11*k**2 + y*k**2 - 3 + 6*k. Give n(-5).
-13
Let i(m) = -391*m**2 + 138*m + 46. Let s(g) = -26*g**2 + 9*g + 3. Let n(u) = 3*i(u) - 46*s(u). Suppose -2*p = 4 - 2. Give n(p).
23
Let d(m) = 453*m**2 + 3*m - 451*m**2 - 31 + 14*m + 7*m + 0*m. Determine d(-13).
-5
Let u(y) = -15*y. Let o(c) = -2*c - 23. Suppose 105 = -37*x + 30*x. Let h be o(x). Suppose 5*j = 2*b - h*b - 15, 2*b - 4*j - 6 = 0. Calculate u(b).
15
Let g = -25 + 62. Suppose -8 = -15*n + g. Let t(k) = 5*k + 4. Determine t(n).
19
Suppose 3*d - 4*o + 62 = 0, -2*d - 126*o - 3 = -121*o. Let b(f) = -f**2 - 12*f + 8. What is b(d)?
-20
Let t(o) be the third derivative of o**6/120 - 7*o**5/60 + o**3/3 - 528*o**2 - 2*o. Determine t(7).
2
Let w be -22 - 539/(-21) - (-14)/6. Let b(s) = s**2 + 72*s - 469. Calculate b(w).
-1
Let y(o) = o**2 - 2*o - 3. Let h be y(3). Suppose 12*x - 3*x - 18 = h. Let v(n) = 23*n - 1. Determine v(x).
45
Let v(t) = 6*t**2 - 522*t - 2652. Let d be v(-5). Let o be ((-206)/4)/(1/(-2)). Let z(k) = -d + 215 + k - o. Give z(-6).
-2
Suppose 53*o - 3*k + 19 = 55*o, 0 = -5*o + k + 22. Let g(f) = -89*f + 439. Determine g(o).
-6
Let b(f) = 7*f**2 - 4416 - 5*f + 1116 + 1101 + 1106 + 1110 - f**3. Calculate b(6).
23
Let z(r) = 18*r + 1. Let h = 1855 - 2640. Let i = 784 + h. Determine z(i).
-17
Let c(b) be the second derivative of 2*b**3/3 + 10*b**2 - 160*b + 3. Determine c(-11).
-24
Suppose 0 = -5*m - 2*i + 26 - 7, i + 4 = 2*m. Let w(n) = -8*n**2 + 107 - m*n - 100 - 3*n - n - n**3. Calculate w(-7).
7
Let x(y) = y**3 - 4*y**2 + y - 4. Let i = 2 - -3. Let o = -1 - i. Let m be o/3 + (2 - (-2 + -2)). What is x(m)?
0
Let a(u) = u**2 + 4*u - 6. Let v = -809 - -809. Suppose v = 29*f - 10*f + 95. Calculate a(f).
-1
Let v(m) = m**3 + m**2 + 11. Suppose 0*n = 4*n - 24. Let r(q) = q**3 - 6*q**2 - 3*q + 19. Let d be r(n). Let g be 0/(-2*d/(-2)). Calculate v(g).
11
Let l(w) be the second derivative of w**4/12 - 4*w**3/3 + 9*w**2 - 18*w + 10. What is l(8)?
18
Let x(q) = q**2 - 7*q + 7. Let f = 382 - 378. Let j(v) = -6*v + 30. Let m be j(f). What is x(m)?
1
Let p be (-42)/(-9) + 0 + 8/(-12). Let u(o) = -o**2 + 14*o - 10. Let n(q) = -q**2 + 16*q - 11. Let f(i) = -4*n(i) + 5*u(i). Determine f(p).
2
Let y = 14557 + -14555. Let m(w) be the second derivative of -w**4/12 - w**3/6 - w**2 - w. Calculate m(y).
-8
Let s(a) = -2*a**2 + 14*a - 14. Let p(i) = -9*i**2 - 79*i + 111. Let y be p(-10). Give s(y).
-2
Let z(r) = -3*r**3 - r**2 - r - 1. Let a(t) be the first derivative of -t**4/4 - 3*t**3 - 15*t**2/2 - 9*t + 185. Let m be a(-7). What is z(m)?
21
Let g(w) = 2*w - 68. Let n be g(36). Let l(u) = -3*u**2 - 1188 + 2*u - 5*u + 1195 + n*u**2. Calculate l(6).
25
Let r(b) = b**3 + 4*b**2 - 32*b - 14. Let u be r(-8). Let n(o) = o**3 + 14*o**2 + 4*o + 60. What is n(u)?
4
Suppose 0 = 4*v + 16*v + 26*v - 14*v. Let h(b) = -8*b - 16. Determine h(v).
-16
Let g be 0/(-2) + (27 - 32) - (11 - 14). Let d(l) = 3*l**2 - 4*l**2 + 3*l**2. Determine d(g).
8
Let z(c) = 4*c**3 + 10*c**2 - 7*c + 8. Let j(w) = 3*w**3 + 9*w**2 - 5*w + 7. Let p(l) = 6*j(l) - 5*z(l). Calculate p(4).
-42
Let j(o) be the third derivative of o**8/20160 - 17*o**7/5040 + 11*o**6/720 - 61*o**5/30 - 212*o**2. Let i(t) be the third derivative of j(t). Give i(16).
-5
Suppose -x + 92 = b, 2*b + 4*x - 55 = 119. Let z = b - 103. Let u(w) = -w**2 - 6*w - 5. Determine u(z).
-5
Let m(l) = -l - 26*l**2 + 3 + 31*l + 91*l**2 - 67*l**2. Give m(15).
3
Let h = -26 + 20. Let l(s) = 7*s**2 - 8. Let r(d) = 12*d**2 + 3*d - 13. Let f(a) = 5*l(a) - 3*r(a). Calculate f(h).
17
Let i be (-2)/(-3 - (-6)/3). Let t be (1 + -1)*(9/(-6) + i). Let v(u) = 5 + 3 + t - 7 - 4*u**2 + u. Give v(-1).
-4
Let z(f) = 4*f + 3. Let a(d) = d**2 + 2*d + 1. Suppose 0 = 3*o + 3*b - 3, -o = -2*b + 4 - 11. Let u be a(o). Suppose u*n + 68 = -n. Determine z(n).
-13
Let g(f) = f**2 + 25*f - 139. Suppose 0 = -25*m - 5796 + 5046. Determine g(m).
11
Suppose -85 = -227*q + 222*q. Let f = -21 + q. Let o(m) = -m**3 - 7*m**2 - 6*m - 2. Calculate o(f).
-26
Let s(g) = 4*g + 3. Let u be s(0). Let j(p) = 13 + 1 + 0 + 3*p - u*p - 4*p. Determine j(3).
2
Let r(l) be the third derivative of -1/6*l**3 + 0 - 1/24*l**4 + 0*l + 37*l**2. What is r(6)?
-7
Let q(g) = 7*g**2 - 14*g - 208. Let s(m) = -2*m**2 + 6*m + 70. Let u(h) = 3*q(h) + 10*s(h). Calculate u(-12).
4
Let k(i) be the third derivative of -i**5/30 + i**4/12 + 7*i**3/2 - 2*i**2 + 5*i + 10. Calculate k(5).
-19
Let y be (0 - 0)*1/(-2). Suppose y*n - 2 = -n. Let x(t) be the second derivative of t**4/6 + t**3/3 - 3*t**2/2 - 50*t + 10. Calculate x(n).
9
Let d(y) = y**3 - 31*y**2 - 33*y - 7. Let c(l) = 39*l**2 - 345*l - 22. Let o be c(9). Determine d(o).
-39
Let t = -259 + 261. Suppose t*y - 5*h - 13 = -7, -3*y + 4*h = -9. Let u(x) = x**3 - 2*x**2 - 4*x + 1. What is u(y)?
-2
Suppose -b = -3*j - 21, -3*b = 4*j - 1 + 3. Let d(a) be the second derivative of a**5/20 - 5*a**4/12 - 5*a**3/6 - 7*a**2/2 - 16789*a. Give d(b).
-1
Suppose 27 = 2*k - 1. Let t(r) be the second derivative of r**3/6 - 9*r**2/2 - 6*r - 577. Determine t(k).
5
Let a be (-1)/(-4) - (-6 - 14/(-12)) - 5. Let w(h) be the second derivative of -12*h + 0 - 1/6*h**3 + 8*h**2 + a*h**4. What is w(0)?
16
Let h = 174 + -308. Let m = h + 139. Let a(l) = l**2 - 7*l + 5. Calculate a(m).
-5
Let d(w) = -2 + 316*w**2 + 0 - 308*w**2 - w**3 - 1 + 10*w. What is d(9)?
6
Let f(m) = 6*m**3 + 76*m**2 + 13*m - 74. Let k(t) = -2*t**3 - 27*t**2 - 5*t + 25. Let p(a) = -4*f(a) - 11*k(a). What is p(-5)?
81
Let f(k) = 11*k + 1. Let q(s) = -7*s - 37. Suppose -5 = 5*c + 5*g, 5*c + 15 = -g - 2*g. Let u be q(c). Let b be 0 - u/(-25)*-5. Give f(b).
-10
Let c = -28 + 28. Suppose 0 = -g - c*g + 2. Let j(d) = 5 - 14 + 8 + 5*d**3 - 6*d**3. Give j(g).
-9
Let h(a) = 136*a + 119*a + 94 - 262*a. Calculate h(13).
3
Let c be 1 - -1 - (10 - 2). Let x(n) = 5*n - 5. Let g(s) = 14*s - 14. Let a(p) = c*g(p) + 17*x(p). Let w be a(-4). Let l(v) = -v**3 - 5*v**2 - 3. What is l(w)?
-3
Suppose 87 + 21 = -2*r. Let c = r - -60. Let l(k) = -9 + 1 - 5 + 10 + k. Calculate l(